. Let h be j(7). Let i = h + -72. What are the prime factors of i?
2, 59
Let n be (-2 + 35/10)*22. Suppose -7 = 8*g + n. Let h = g + 17. List the prime factors of h.
2, 3
Let v(o) = -o**2 - 2*o + 20. Let w be v(0). Suppose 5*c = w, -z + 6*z + 3*c = 52. List the prime factors of z.
2
Let t(k) = -k**3 + 28*k**2 + k + 41. What are the prime factors of t(22)?
3, 23, 43
Let g(p) = 65*p**2 - 8*p + 6. What are the prime factors of g(3)?
3, 7
What are the prime factors of (2/(-6))/(4/((-5004)/1))?
3, 139
List the prime factors of (46999/301)/(2/14).
1093
Suppose 180 = 6*n - 186. What are the prime factors of n?
61
Let u(f) = -13*f + 5*f - 22*f**2 + 21*f**2 - 11*f - 4. What are the prime factors of u(-12)?
2, 5
Suppose -16*n = -9*n - 4529. List the prime factors of n.
647
Let s(j) = 15*j**2 + 0*j + 2*j**3 + 1 - 11*j**2 - j**3 - j. Let m be s(-4). Suppose 0 = -z + 4*z - 3*y - 126, -m*y = 20. What are the prime factors of z?
2, 19
Suppose -1127 - 1633 = -3*a. Suppose 3*f = -f + a. What are the prime factors of f?
2, 5, 23
Suppose 3*y - 5*a - 54 = 20, -88 = -3*y - 2*a. List the prime factors of y.
2, 7
List the prime factors of (-644 - 0)/((-6 - -2)/4).
2, 7, 23
Suppose -n - 7*q = -4*q - 51, 4*n = 5*q + 136. Let p(x) = 229*x**2 - 3*x + 3. Let i be p(-3). List the prime factors of i/n + (-6)/39.
53
Suppose -32 = 8*i - 12*i + l, 0 = i + 3*l + 5. List the prime factors of i.
7
Let p = 851 - 472. What are the prime factors of p?
379
List the prime factors of 3/((-60)/(-21248)) - (-24)/(-60).
2, 3, 59
Let u(s) = -2*s**3 - 47*s**2 - 75*s - 14. List the prime factors of u(-25).
2, 467
Suppose -5*j - 1813 + 5308 = 0. What are the prime factors of j?
3, 233
What are the prime factors of (-12)/24 - 38465/(-10)?
2, 3, 641
Suppose 5 - 470 = -31*x. Let v be (-578)/(-14) - 2/7. Let i = v - x. What are the prime factors of i?
2, 13
Suppose 2*s = -2*k + 2, 4*k - 17 = 2*k - 5*s. Let f be (-386)/(-14) + k/7. Suppose o + f = 6*o - l, 5*l = o + 9. List the prime factors of o.
2, 3
Let k(z) = -6*z**2 - 10*z - 6. Let r be k(8). List the prime factors of r/(-25)*15/6.
47
Suppose 2854 = b - 4*j, -10*b - 19843 = -17*b + j. What are the prime factors of b?
2, 13, 109
Let o be (378/105)/(2/(-10)). Let t be o/6 + (-18)/(-1). What are the prime factors of ((-5)/t)/(3/(-126))?
2, 7
Let f be ((-80)/50)/((-4)/(-10)). Let r(z) = -65*z - 5. List the prime factors of r(f).
3, 5, 17
Let i = -84 + 121. Suppose 3*f = i + 335. What are the prime factors of f?
2, 31
Let k be (-2)/3*3*-8. Suppose k*i + 24 = 12*i. What are the prime factors of 2409/88 - i/(-16)?
3
Suppose -5*w = -3*m - 99, -3*m + 90 = 3*w + w. List the prime factors of w.
3, 7
Suppose 7*y + 64 = 2*y + x, 0 = -3*y - x - 32. What are the prime factors of (-860)/y - 2/3?
71
Let f(q) = -q**3 - 11*q**2 - 2*q + 14. Let g be f(-10). Let s(o) = -o**3 - o**2 - 7. Let x be s(-5). Let y = g + x. What are the prime factors of y?
3
What are the prime factors of ((-2)/(-4 + 6))/((-1)/157)?
157
Let m = 21 + -16. Suppose -m*x = 2*u - 72, 2*x + 0*x = -4*u + 144. List the prime factors of u.
2, 3
Let k = -877 - -607. Let x = -157 - k. List the prime factors of x.
113
Suppose 0 = -5*c + 2*c + 12. Let b(r) = 2*r - 5. Let m be b(c). Suppose 18 + 15 = m*l. What are the prime factors of l?
11
Let a(h) = h**3 + 11*h**2 + 18*h + 9. Let t be a(-9). Suppose -t = -2*p - 3. List the prime factors of (-80)/p*6/(-5).
2
Let q(p) = 4*p**2 - 21*p - 20. Let d be q(16). Suppose -9*r + 43 = -d. List the prime factors of r.
79
Let h = -26 + 29. Suppose 3*l - v + 49 = -12, h*l + 73 = -5*v. Let q = 29 + l. List the prime factors of q.
2
Let y(x) = 4*x**2 + 1. Let j(r) = -3*r + 12. Let m be j(3). Suppose -3*h = s + 9, s = m*s. List the prime factors of y(h).
37
Let c be 6 - -8*(-5)/10. Suppose 3*d - 84 = c*h, -2*h + 98 = 5*d - d. What are the prime factors of d?
2, 13
Suppose 4*m - 26 = -18. What are the prime factors of 1*111*m/6?
37
List the prime factors of (48/(-18))/4*-864.
2, 3
Suppose 0 = 498*y - 504*y + 5490. List the prime factors of y.
3, 5, 61
What are the prime factors of (1 - 0)*(1787 - -3)?
2, 5, 179
Let m(x) = x**3 - 91. Let v be m(0). Let c = v + 130. What are the prime factors of c?
3, 13
Let f = 12049 + -8076. What are the prime factors of f?
29, 137
Suppose -4 = -5*i - 2*u + 5*u, -u + 6 = 2*i. Let x(m) = -m**3 + m**2 - 8*m + 1 + 4*m**3 + 6*m. List the prime factors of x(i).
5
Suppose -f - 60 = -13*f. Suppose f*x + 3*y - 2*y = 1278, 4*x - y = 1026. List the prime factors of x.
2
Let a(r) be the first derivative of r**4/4 - 7*r**3/3 + 7*r**2 + r + 15. What are the prime factors of a(7)?
3, 11
Suppose -2*o = -3*o + 10. Suppose -o*g = -5*g. Suppose g = -3*x + 4*x - 14. What are the prime factors of x?
2, 7
Suppose -5*b + 5*w + 2695 = 0, -2*b - 18*w + 1060 = -14*w. What are the prime factors of b?
2, 67
Let u be 181/(4/30*6/4). Suppose -55 = -5*x + u. What are the prime factors of x?
2, 3
Let h(f) = -f**3 + 2*f**2 + 11*f - 8. Let a be h(4). Suppose a*z - 80 = 176. List the prime factors of z.
2
Let h(u) = -u**3 + 11*u**2 - 8*u + 3. Let t be h(10). Let p = t + -11. What are the prime factors of p?
2, 3
Let n(r) = 11*r**2 - 30*r + 44. Let b(s) = -7*s**2 + 20*s - 29. Let x(l) = 8*b(l) + 5*n(l). What are the prime factors of x(6)?
2, 3
Let d be (-15)/(-20) - 9/12. Suppose d = p - 65 - 99. List the prime factors of p.
2, 41
Suppose 0 = -5*f - 3*m - 61, f - 5 = 2*m - 25. List the prime factors of (-14)/98 - (-1 - (-2298)/f).
3, 5, 11
Let r be 3/(-6*2/16). Let a be r/(-6) + 14/6. Suppose a*n - 65 = -23. What are the prime factors of n?
2, 7
Suppose -3*h = 3*o - 72, -o - 72 = -3*h - 3*o. Let p be h - (3 - 0)/(-1). Let n = 40 - p. What are the prime factors of n?
13
Suppose 7*v - 3*j - 357 = 2*v, 292 = 4*v + 4*j. What are the prime factors of v?
2, 3
Let p = 1299 + -86. What are the prime factors of p?
1213
Let m = 1682 - -2379. What are the prime factors of m?
31, 131
Let r = -86 - -190. Suppose a + r = 5*a. Suppose 2*p = -2*n + a, -2*p = -5*n + n - 44. List the prime factors of p.
2
Let o = -6466 - -9641. List the prime factors of o.
5, 127
Suppose 0 = -5*t + 81 - 26. Suppose 460 = t*d - 101. List the prime factors of d.
3, 17
Let d = -304 + 973. List the prime factors of d.
3, 223
Suppose -100306 + 12586 = -40*o. What are the prime factors of o?
3, 17, 43
Let h = -45 - -48. Suppose 32 = h*y - y. What are the prime factors of y?
2
Let x = 4004 + -2783. What are the prime factors of x?
3, 11, 37
Let u be ((-10)/(-25))/((-2)/(-50)). Suppose 4*a = 6*a - u. Suppose -5*l = -3*d + 62, -a*d = -4*l - 17 - 95. List the prime factors of d.
2, 3
Let m(t) = 18*t**3 - t**2 + t - 1. Let l = 2 - 7. Let f(b) = -2*b - 9. Let n be f(l). List the prime factors of m(n).
17
Let x = 57 - 32. Let z = -4 - -6. What are the prime factors of x*(24/10 - z)?
2, 5
Let c be (1 - (-52)/8)*2. Let h = c + -7. List the prime factors of h.
2
Let m(i) = 5*i**2 + 3*i + 3. Let s be m(-3). Let w = s - 24. Suppose 2*d + 3*x - w = d, 4*x + 12 = 4*d. List the prime factors of d.
2, 3
Let c be ((-7)/(-6))/7 - (-1)/(-6). Suppose c = -2*g - 8*g + 1960. List the prime factors of g.
2, 7
Suppose -3*l = -3*q + 3, -3*l - 3*q = -2*l - 11. Suppose -2*u - l*u + 112 = 0. List the prime factors of u.
2, 7
What are the prime factors of (236/3)/(27/162)?
2, 59
Suppose -699*v + 692*v = -357. What are the prime factors of v?
3, 17
Suppose 12*c - 9*c = -9. Let r be (-20)/(-4) - (c - -2). Let v = r - -15. List the prime factors of v.
3, 7
Let b(m) = -m**3 + 15*m**2 + 14*m + 34. Let i be b(16). Let x = i - -43. What are the prime factors of x?
3, 5
Suppose 7*x - 12 = 3*x. Suppose 0 = -3*i - x*i + 336. List the prime factors of i.
2, 7
Let a = -755 - -1492. What are the prime factors of a?
11, 67
Suppose -4*q = 3*m - 7325, 2*m - 16*q = -17*q + 4875. List the prime factors of m.
5, 487
Let a(n) = 4*n**3 + n + 0*n**3 + 4*n**2 - 8 - 5*n**2 - 3*n**3. List the prime factors of a(4).
2, 11
Let b(l) be the third derivative of l**6/120 + 13*l**5/60 + 13*l**4/24 + 3*l**3 - 46*l**2. List the prime factors of b(-9).
3, 5
Let h be ((-8)/10)/((-1)/5). Suppose 6*p = h*p. What are the prime factors of -3 - (p + (-1 - 35))?
3, 11
Suppose 2*g + 187 = -5*s + 849, -676 = -2*g + 2*s. List the prime factors of g.
2, 3, 7
Let c(y) = -3*y**3